{"id":80,"date":"2023-11-28T15:45:26","date_gmt":"2023-11-28T14:45:26","guid":{"rendered":"https:\/\/tiwanakuturismo.com\/?page_id=80"},"modified":"2024-02-28T22:27:55","modified_gmt":"2024-02-28T21:27:55","slug":"fiestas-y-tradiciones","status":"publish","type":"page","link":"https:\/\/tiwanakuturismo.com\/index.php\/fiestas-y-tradiciones\/","title":{"rendered":"Fiestas y tradiciones"},"content":{"rendered":"<p>[et_pb_section fb_built=\u00bb1&#8243; _builder_version=\u00bb4.23.1&#8243; _module_preset=\u00bbdefault\u00bb custom_padding=\u00bb0px||0px|||\u00bb global_colors_info=\u00bb{}\u00bb][et_pb_row _builder_version=\u00bb4.23.1&#8243; _module_preset=\u00bbdefault\u00bb width=\u00bb100%\u00bb max_width=\u00bb100%\u00bb custom_padding=\u00bb0px||0px|||\u00bb global_colors_info=\u00bb{}\u00bb][et_pb_column type=\u00bb4_4&#8243; _builder_version=\u00bb4.23.1&#8243; _module_preset=\u00bbdefault\u00bb global_colors_info=\u00bb{}\u00bb][revslider_divi revslider_divi=\u00bb%91rev_slider alias=%22project-carousel1%22 slidertitle=%22Slide principal%22%93%91\/rev_slider%93&#8243; _builder_version=\u00bb4.23.1&#8243; _module_preset=\u00bbdefault\u00bb global_colors_info=\u00bb{}\u00bb][\/revslider_divi][\/et_pb_column][\/et_pb_row][\/et_pb_section][et_pb_section fb_built=\u00bb1&#8243; module_id=\u00bbdescubre\u00bb _builder_version=\u00bb4.23.1&#8243; _module_preset=\u00bbdefault\u00bb global_colors_info=\u00bb{}\u00bb][et_pb_row column_structure=\u00bb1_5,3_5,1_5&#8243; use_custom_gutter=\u00bbon\u00bb gutter_width=\u00bb1&#8243; make_equal=\u00bbon\u00bb _builder_version=\u00bb4.23.1&#8243; _module_preset=\u00bbdefault\u00bb global_colors_info=\u00bb{}\u00bb][et_pb_column type=\u00bb1_5&#8243; _builder_version=\u00bb4.23.1&#8243; _module_preset=\u00bbdefault\u00bb global_colors_info=\u00bb{}\u00bb][et_pb_divider color=\u00bb#7B833C\u00bb divider_position=\u00bbcenter\u00bb divider_weight=\u00bb6px\u00bb _builder_version=\u00bb4.23.1&#8243; _module_preset=\u00bbdefault\u00bb width=\u00bb80%\u00bb module_alignment=\u00bbcenter\u00bb custom_margin=\u00bb22px||||false|false\u00bb global_colors_info=\u00bb{}\u00bb][\/et_pb_divider][\/et_pb_column][et_pb_column type=\u00bb3_5&#8243; _builder_version=\u00bb4.23.1&#8243; _module_preset=\u00bbdefault\u00bb global_colors_info=\u00bb{}\u00bb][et_pb_text _builder_version=\u00bb4.23.1&#8243; _module_preset=\u00bbdefault\u00bb header_2_font=\u00bb|800||on|||||\u00bb header_2_text_align=\u00bbcenter\u00bb header_2_text_color=\u00bb#AFAFAF\u00bb header_2_font_size=\u00bb68px\u00bb custom_margin=\u00bb||||false|false\u00bb animation_style=\u00bbzoom\u00bb header_2_font_size_tablet=\u00bb\u00bb header_2_font_size_phone=\u00bb35px\u00bb header_2_font_size_last_edited=\u00bbon|phone\u00bb global_colors_info=\u00bb{}\u00bb]<\/p>\n<h2>TRADICIONES ANCESTRALES<\/h2>\n<p>[\/et_pb_text][et_pb_video src_webm=\u00bbhttps:\/\/tiwanakuturismo.com\/wp-content\/uploads\/2023\/12\/Promocional-Humamarca-Final.webmhd.webm\u00bb image_src=\u00bbhttps:\/\/tiwanakuturismo.com\/wp-content\/uploads\/2023\/12\/thumb_video.jpg\u00bb _builder_version=\u00bb4.23.1&#8243; _module_preset=\u00bbdefault\u00bb animation_style=\u00bbflip\u00bb border_radii=\u00bbon|32px|32px|32px|32px\u00bb global_colors_info=\u00bb{}\u00bb][\/et_pb_video][et_pb_text _builder_version=\u00bb4.23.1&#8243; _module_preset=\u00bbdefault\u00bb text_font=\u00bb||||||||\u00bb text_text_color=\u00bb#5E5E5E\u00bb text_font_size=\u00bb18px\u00bb text_orientation=\u00bbcenter\u00bb custom_margin=\u00bb35px||||false|false\u00bb animation_style=\u00bbfade\u00bb global_colors_info=\u00bb{}\u00bb]<\/p>\n<p>Las costumbres, celebraciones o ritos ancestrales reflejan de manera m\u00e1s profunda la <strong>cosmovisi\u00f3n andina<\/strong> y por ello est\u00e1n en directa relaci\u00f3n con eventos o procesos de la naturaleza<\/p>\n<p>[\/et_pb_text][\/et_pb_column][et_pb_column type=\u00bb1_5&#8243; _builder_version=\u00bb4.23.1&#8243; _module_preset=\u00bbdefault\u00bb global_colors_info=\u00bb{}\u00bb][et_pb_divider color=\u00bb#7B833C\u00bb divider_position=\u00bbcenter\u00bb divider_weight=\u00bb6px\u00bb _builder_version=\u00bb4.23.1&#8243; _module_preset=\u00bbdefault\u00bb width=\u00bb80%\u00bb module_alignment=\u00bbcenter\u00bb custom_margin=\u00bb22px||||false|false\u00bb global_colors_info=\u00bb{}\u00bb][\/et_pb_divider][\/et_pb_column][\/et_pb_row][\/et_pb_section][et_pb_section fb_built=\u00bb1&#8243; _builder_version=\u00bb4.23.1&#8243; _module_preset=\u00bbdefault\u00bb box_shadow_style=\u00bbpreset3&#8243; box_shadow_vertical=\u00bb-20px\u00bb box_shadow_blur=\u00bb39px\u00bb box_shadow_color=\u00bbrgba(0,0,0,0.06)\u00bb locked=\u00bboff\u00bb global_colors_info=\u00bb{}\u00bb][et_pb_row make_equal=\u00bbon\u00bb _builder_version=\u00bb4.23.1&#8243; _module_preset=\u00bbdefault\u00bb custom_padding=\u00bb0px|||||\u00bb global_colors_info=\u00bb{}\u00bb][et_pb_column type=\u00bb4_4&#8243; _builder_version=\u00bb4.23.1&#8243; _module_preset=\u00bbdefault\u00bb global_colors_info=\u00bb{}\u00bb][et_pb_text _builder_version=\u00bb4.23.1&#8243; _module_preset=\u00bbdefault\u00bb header_2_font=\u00bb|800||on|||||\u00bb header_2_text_align=\u00bbcenter\u00bb header_2_text_color=\u00bb#AFAFAF\u00bb header_2_font_size=\u00bb73px\u00bb header_2_letter_spacing=\u00bb3px\u00bb custom_margin=\u00bb||||false|false\u00bb animation_style=\u00bbzoom\u00bb header_2_font_size_tablet=\u00bb68px\u00bb header_2_font_size_phone=\u00bb35px\u00bb header_2_font_size_last_edited=\u00bbon|phone\u00bb global_colors_info=\u00bb{}\u00bb]<\/p>\n<h2>EL RITUAL A LA PACHAMAMA<\/h2>\n<p>[\/et_pb_text][et_pb_text _builder_version=\u00bb4.23.1&#8243; _module_preset=\u00bbdefault\u00bb text_font=\u00bb||||||||\u00bb text_text_color=\u00bb#5E5E5E\u00bb text_font_size=\u00bb18px\u00bb text_orientation=\u00bbcenter\u00bb global_colors_info=\u00bb{}\u00bb]<\/p>\n<p>en el mes de agosto la poblaci\u00f3n dentro de la l\u00f3gica de reciprocidad andina, retribuye con pagos y agradecimiento a la <strong>Pachamama<\/strong>. La ofrenda contiene hojas de coca, fibras o lanas de los cam\u00e9lidos, vino, alcohol puro y semillas de plantas con poderes simb\u00f3licos. Este mismo pago se le rinde a los Apus, esp\u00edritus de los antepasados que viven dentro de los cerros.<\/p>\n<p>[\/et_pb_text][\/et_pb_column][\/et_pb_row][et_pb_row _builder_version=\u00bb4.23.1&#8243; _module_preset=\u00bbdefault\u00bb global_colors_info=\u00bb{}\u00bb][et_pb_column type=\u00bb4_4&#8243; _builder_version=\u00bb4.23.1&#8243; _module_preset=\u00bbdefault\u00bb global_colors_info=\u00bb{}\u00bb][et_pb_image src=\u00bbhttps:\/\/tiwanakuturismo.com\/wp-content\/uploads\/2023\/12\/ritual_pachamama-1.jpg\u00bb title_text=\u00bbRitual a la Pachamama\u00bb _builder_version=\u00bb4.23.1&#8243; _module_preset=\u00bbdefault\u00bb scroll_scaling_enable=\u00bbon\u00bb scroll_blur_enable=\u00bbon\u00bb border_radii=\u00bbon|55px|55px|55px|55px\u00bb global_colors_info=\u00bb{}\u00bb][\/et_pb_image][\/et_pb_column][\/et_pb_row][et_pb_row column_structure=\u00bb1_4,1_2,1_4&#8243; _builder_version=\u00bb4.23.1&#8243; _module_preset=\u00bbdefault\u00bb global_colors_info=\u00bb{}\u00bb][et_pb_column type=\u00bb1_4&#8243; _builder_version=\u00bb4.23.1&#8243; _module_preset=\u00bbdefault\u00bb global_colors_info=\u00bb{}\u00bb][\/et_pb_column][et_pb_column type=\u00bb1_2&#8243; _builder_version=\u00bb4.23.1&#8243; _module_preset=\u00bbdefault\u00bb global_colors_info=\u00bb{}\u00bb][et_pb_image src=\u00bbhttps:\/\/tiwanakuturismo.com\/wp-content\/uploads\/2023\/12\/coca_mesa2.jpg\u00bb title_text=\u00bbMesa con coca\u00bb _builder_version=\u00bb4.23.1&#8243; _module_preset=\u00bbdefault\u00bb width=\u00bb42%\u00bb width_tablet=\u00bb44%\u00bb width_phone=\u00bb41%\u00bb width_last_edited=\u00bbon|tablet\u00bb module_alignment=\u00bbcenter\u00bb scroll_blur_enable=\u00bbon\u00bb border_radii=\u00bbon|500px|500px|500px|500px\u00bb global_colors_info=\u00bb{}\u00bb][\/et_pb_image][et_pb_text _builder_version=\u00bb4.23.1&#8243; _module_preset=\u00bbdefault\u00bb text_font=\u00bb||||||||\u00bb text_text_color=\u00bb#5E5E5E\u00bb text_font_size=\u00bb18px\u00bb header_4_font=\u00bbMontserrat|700|||||||\u00bb header_4_text_color=\u00bb#AFAFAF\u00bb header_4_font_size=\u00bb22px\u00bb header_4_letter_spacing=\u00bb7px\u00bb text_orientation=\u00bbcenter\u00bb global_colors_info=\u00bb{}\u00bb]<\/p>\n<h4>LA COCA<\/h4>\n<p><strong>Planta sagrada<\/strong> que form\u00f3 parte de los intercambios andinos en la antig\u00fcedad. Se usaba en la vida cotidiana incorporada a la alimentaci\u00f3n, los rituales y la medicina, se encuentra presente en innumerables celebraciones religiosas, incluso de los centros urbanos.<\/p>\n<p>[\/et_pb_text][\/et_pb_column][et_pb_column type=\u00bb1_4&#8243; _builder_version=\u00bb4.23.1&#8243; _module_preset=\u00bbdefault\u00bb global_colors_info=\u00bb{}\u00bb][\/et_pb_column][\/et_pb_row][\/et_pb_section][et_pb_section fb_built=\u00bb1&#8243; _builder_version=\u00bb4.23.1&#8243; _module_preset=\u00bbdefault\u00bb box_shadow_style=\u00bbpreset3&#8243; box_shadow_vertical=\u00bb-20px\u00bb box_shadow_blur=\u00bb39px\u00bb box_shadow_color=\u00bbrgba(0,0,0,0.06)\u00bb global_colors_info=\u00bb{}\u00bb][et_pb_row column_structure=\u00bb3_5,2_5&#8243; use_custom_gutter=\u00bbon\u00bb gutter_width=\u00bb2&#8243; _builder_version=\u00bb4.23.1&#8243; _module_preset=\u00bbdefault\u00bb global_colors_info=\u00bb{}\u00bb][et_pb_column type=\u00bb3_5&#8243; _builder_version=\u00bb4.23.1&#8243; _module_preset=\u00bbdefault\u00bb global_colors_info=\u00bb{}\u00bb][et_pb_divider color=\u00bb#C24127&#8243; divider_weight=\u00bb7px\u00bb _builder_version=\u00bb4.23.1&#8243; _module_preset=\u00bbdefault\u00bb transform_translate=\u00bb-300px|70px\u00bb transform_translate_linked=\u00bboff\u00bb width=\u00bb45%\u00bb module_alignment=\u00bbleft\u00bb custom_margin=\u00bb||||false|false\u00bb custom_padding=\u00bb||||false|false\u00bb global_colors_info=\u00bb{}\u00bb][\/et_pb_divider][et_pb_text _builder_version=\u00bb4.23.1&#8243; _module_preset=\u00bbdefault\u00bb header_2_font=\u00bb|800||on|||||\u00bb header_2_text_align=\u00bbleft\u00bb header_2_text_color=\u00bb#AFAFAF\u00bb header_2_font_size=\u00bb68px\u00bb custom_margin=\u00bb||||false|false\u00bb animation_style=\u00bbzoom\u00bb header_2_font_size_tablet=\u00bb\u00bb header_2_font_size_phone=\u00bb35px\u00bb header_2_font_size_last_edited=\u00bbon|phone\u00bb global_colors_info=\u00bb{}\u00bb]<\/p>\n<h2>El esp\u00edritu de los andes<\/h2>\n<p>[\/et_pb_text][et_pb_text _builder_version=\u00bb4.23.1&#8243; _module_preset=\u00bbdefault\u00bb text_font=\u00bb||||||||\u00bb text_text_color=\u00bb#5E5E5E\u00bb text_font_size=\u00bb18px\u00bb global_colors_info=\u00bb{}\u00bb]<\/p>\n<p>Los rituales espirituales y ceremonias curativas est\u00e1n a cargo del <strong>Yatiri<\/strong> traducido al espa\u00f1ol significa \u201c<strong>sabio<\/strong>\u201d. Es la persona que sabe, el que conoce, el que pronostica, el que cura enfermedades y orienta a las personas y a la comunidad para que proyecten su futuro.<\/p>\n<p>Esta persona es considerada como la autoridad espiritual, moral y \u00e9tico,\u00a0 que ense\u00f1a con el ejemplo.<\/p>\n<p>Festividades, el <strong>Carnaval o Anata aymara<\/strong> -que dura de domingo a domingo-, es la m\u00e1s extendida de las festividades.<\/p>\n<p>Est\u00e1 \u00edntimamente ligada a las chacras ya que se celebra su fertilidad, por este motivo es muy com\u00fan\u00a0 que durante la fiesta los hombres y las mujeres carguen un awayu o llicllla en sus espaldas con los mejores productos de su cosecha.<\/p>\n<p>[\/et_pb_text][\/et_pb_column][et_pb_column type=\u00bb2_5&#8243; _builder_version=\u00bb4.23.1&#8243; _module_preset=\u00bbdefault\u00bb global_colors_info=\u00bb{}\u00bb][et_pb_image src=\u00bbhttps:\/\/tiwanakuturismo.com\/wp-content\/uploads\/2023\/12\/el_espiritu_de_los_andes-scaled.jpg\u00bb title_text=\u00bbEl esp\u00edritu de los Andes\u00bb align=\u00bbcenter\u00bb _builder_version=\u00bb4.23.1&#8243; _module_preset=\u00bbdefault\u00bb width=\u00bb78%\u00bb module_alignment=\u00bbright\u00bb scroll_vertical_motion_enable=\u00bbon\u00bb scroll_blur_enable=\u00bbon\u00bb border_radii=\u00bbon|55px|55px|55px|55px\u00bb locked=\u00bboff\u00bb global_colors_info=\u00bb{}\u00bb][\/et_pb_image][\/et_pb_column][\/et_pb_row][\/et_pb_section][et_pb_section fb_built=\u00bb1&#8243; _builder_version=\u00bb4.23.1&#8243; _module_preset=\u00bbdefault\u00bb box_shadow_style=\u00bbpreset3&#8243; box_shadow_vertical=\u00bb-20px\u00bb box_shadow_blur=\u00bb39px\u00bb box_shadow_color=\u00bbrgba(0,0,0,0.06)\u00bb global_colors_info=\u00bb{}\u00bb][et_pb_row column_structure=\u00bb1_2,1_2&#8243; _builder_version=\u00bb4.23.1&#8243; _module_preset=\u00bbdefault\u00bb global_colors_info=\u00bb{}\u00bb][et_pb_column type=\u00bb1_2&#8243; _builder_version=\u00bb4.23.1&#8243; _module_preset=\u00bbdefault\u00bb global_colors_info=\u00bb{}\u00bb][et_pb_image src=\u00bbhttps:\/\/tiwanakuturismo.com\/wp-content\/uploads\/2023\/12\/tradiciones2.0.png\u00bb title_text=\u00bbTradiciones ancestrales\u00bb _builder_version=\u00bb4.23.1&#8243; _module_preset=\u00bbdefault\u00bb width_tablet=\u00bb37%\u00bb width_phone=\u00bb37%\u00bb width_last_edited=\u00bbon|tablet\u00bb module_alignment=\u00bbcenter\u00bb scroll_horizontal_motion_enable=\u00bbon\u00bb scroll_blur_enable=\u00bbon\u00bb border_radii=\u00bbon|45px|45px|45px|45px\u00bb global_colors_info=\u00bb{}\u00bb][\/et_pb_image][\/et_pb_column][et_pb_column type=\u00bb1_2&#8243; _builder_version=\u00bb4.23.1&#8243; _module_preset=\u00bbdefault\u00bb global_colors_info=\u00bb{}\u00bb][et_pb_divider color=\u00bb#7B833C\u00bb divider_weight=\u00bb7px\u00bb _builder_version=\u00bb4.23.1&#8243; _module_preset=\u00bbdefault\u00bb transform_translate=\u00bb300px|70px\u00bb transform_translate_linked=\u00bboff\u00bb width=\u00bb55%\u00bb width_tablet=\u00bb48%\u00bb width_phone=\u00bb48%\u00bb width_last_edited=\u00bbon|tablet\u00bb module_alignment=\u00bbright\u00bb custom_margin=\u00bb||||false|false\u00bb custom_padding=\u00bb||||false|false\u00bb global_colors_info=\u00bb{}\u00bb][\/et_pb_divider][et_pb_text _builder_version=\u00bb4.23.1&#8243; _module_preset=\u00bbdefault\u00bb header_2_font=\u00bb|800||on|||||\u00bb header_2_text_align=\u00bbright\u00bb header_2_text_color=\u00bb#AFAFAF\u00bb header_2_font_size=\u00bb68px\u00bb custom_margin=\u00bb||||false|false\u00bb animation_style=\u00bbzoom\u00bb header_2_font_size_tablet=\u00bb\u00bb header_2_font_size_phone=\u00bb50px\u00bb header_2_font_size_last_edited=\u00bbon|phone\u00bb global_colors_info=\u00bb{}\u00bb]<\/p>\n<h2>Danzas<\/h2>\n<p>[\/et_pb_text][et_pb_text _builder_version=\u00bb4.23.1&#8243; _module_preset=\u00bbdefault\u00bb text_font=\u00bb||||||||\u00bb text_text_color=\u00bb#5E5E5E\u00bb text_font_size=\u00bb19px\u00bb text_orientation=\u00bbright\u00bb global_colors_info=\u00bb{}\u00bb]<\/p>\n<p>Toda la regi\u00f3n es rica en danzas tradicionales, muchas de ellas involucran la participaci\u00f3n de los visitantes.<\/p>\n<p>Entre las m\u00e1s populares y llamativas est\u00e1n,<\/p>\n<p><strong>Quena Quena<br \/><\/strong><strong>Chuquila\/Choqela<br \/><\/strong><strong>Mimula<br \/><\/strong><strong>Uxusiris<br \/><\/strong><strong>Tarqueada<\/strong><\/p>\n<p>Todas estas danzas tambi\u00e9n emplean instrumentos nativos y tradicionales del altiplano boliviano.<\/p>\n<p>Si desea conocer m\u00e1s sobre est\u00e1s danzas le recomendamos descargar nuestra <strong>gu\u00eda para el turista.<\/strong><\/p>\n<p>[\/et_pb_text][et_pb_image src=\u00bbhttps:\/\/tiwanakuturismo.com\/wp-content\/uploads\/2023\/12\/danza_tradicional.jpg\u00bb title_text=\u00bbDanza tradicional\u00bb _builder_version=\u00bb4.23.1&#8243; _module_preset=\u00bbdefault\u00bb animation_style=\u00bbslide\u00bb animation_direction=\u00bbleft\u00bb border_radii=\u00bbon|55px|55px|55px|55px\u00bb global_colors_info=\u00bb{}\u00bb][\/et_pb_image][et_pb_button button_url=\u00bbhttps:\/\/tiwanakuturismo.com\/wp-content\/uploads\/2023\/12\/TIWANAKU-GUIA-INFORME.pdf\u00bb button_text=\u00bbDescargar Gu\u00eda para el turista\u00bb button_alignment=\u00bbright\u00bb _builder_version=\u00bb4.24.2&#8243; _module_preset=\u00bbdefault\u00bb custom_button=\u00bbon\u00bb button_text_size=\u00bb18px\u00bb button_text_color=\u00bb#EFEFEF\u00bb button_bg_color=\u00bb#C24127&#8243; button_border_width=\u00bb0px\u00bb button_border_radius=\u00bb26px\u00bb button_font=\u00bb|||on|||||\u00bb hover_enabled=\u00bb0&#8243; button_text_size_tablet=\u00bb18px\u00bb button_text_size_phone=\u00bb15px\u00bb button_text_size_last_edited=\u00bbon|phone\u00bb global_colors_info=\u00bb{}\u00bb sticky_enabled=\u00bb0&#8243;][\/et_pb_button][\/et_pb_column][\/et_pb_row][\/et_pb_section][et_pb_section fb_built=\u00bb1&#8243; _builder_version=\u00bb4.23.1&#8243; _module_preset=\u00bbdefault\u00bb background_color=\u00bb#020202&#8243; background_video_mp4=\u00bbhttps:\/\/tiwanakuturismo.com\/wp-content\/uploads\/2023\/11\/video-de-fondo-suelto.mp4&#8243; background_enable_video_webm=\u00bboff\u00bb background_video_width=\u00bb100%\u00bb background_video_height=\u00bb50%\u00bb height=\u00bb89vh\u00bb custom_margin=\u00bb|55px||55px|true|true\u00bb custom_margin_tablet=\u00bb|55px||55px|true|true\u00bb custom_margin_phone=\u00bb|0px||0px|true|true\u00bb custom_margin_last_edited=\u00bbon|phone\u00bb custom_padding=\u00bb||||false|false\u00bb border_radii=\u00bbon|100px|100px|100px|100px\u00bb border_width_all=\u00bb33px\u00bb border_color_all=\u00bb#FFFFFF\u00bb locked=\u00bboff\u00bb global_colors_info=\u00bb{}\u00bb][et_pb_row column_structure=\u00bb1_2,1_2&#8243; make_equal=\u00bbon\u00bb _builder_version=\u00bb4.23.1&#8243; _module_preset=\u00bbdefault\u00bb width=\u00bb100%\u00bb max_width=\u00bb100%\u00bb global_colors_info=\u00bb{}\u00bb][et_pb_column type=\u00bb1_2&#8243; disabled_on=\u00bbon|on|off\u00bb _builder_version=\u00bb4.23.1&#8243; _module_preset=\u00bbdefault\u00bb global_colors_info=\u00bb{}\u00bb][et_pb_image src=\u00bbhttps:\/\/tiwanakuturismo.com\/wp-content\/uploads\/2023\/11\/persona.png\u00bb title_text=\u00bbRituales ancestrales\u00bb _builder_version=\u00bb4.23.1&#8243; _module_preset=\u00bbdefault\u00bb transform_scale_tablet=\u00bb\u00bb transform_scale_phone=\u00bb\u00bb transform_scale_last_edited=\u00bbon|tablet\u00bb transform_translate=\u00bb0px|72px\u00bb transform_translate_tablet=\u00bb0px|181px\u00bb transform_translate_phone=\u00bb0px|181px\u00bb transform_translate_last_edited=\u00bbon|tablet\u00bb transform_translate_linked=\u00bboff\u00bb transform_translate_linked_tablet=\u00bboff\u00bb transform_rotate_tablet=\u00bb\u00bb transform_rotate_phone=\u00bb\u00bb transform_rotate_last_edited=\u00bbon|tablet\u00bb transform_skew_tablet=\u00bb\u00bb transform_skew_phone=\u00bb\u00bb transform_skew_last_edited=\u00bbon|tablet\u00bb transform_origin_tablet=\u00bb\u00bb transform_origin_phone=\u00bb\u00bb transform_origin_last_edited=\u00bbon|tablet\u00bb transform_styles_last_edited=\u00bbon|tablet\u00bb position_origin_f=\u00bbbottom_left\u00bb width=\u00bb100%\u00bb custom_margin=\u00bb3px||||false|false\u00bb scroll_scaling_enable=\u00bbon\u00bb scroll_blur_enable=\u00bbon\u00bb transform_styles_tablet=\u00bb\u00bb transform_styles_phone=\u00bb\u00bb global_colors_info=\u00bb{}\u00bb][\/et_pb_image][\/et_pb_column][et_pb_column type=\u00bb1_2&#8243; _builder_version=\u00bb4.23.1&#8243; _module_preset=\u00bbdefault\u00bb global_colors_info=\u00bb{}\u00bb][et_pb_text _builder_version=\u00bb4.23.1&#8243; _module_preset=\u00bbdefault\u00bb text_font=\u00bb|300|||||||\u00bb text_text_color=\u00bb#FFFFFF\u00bb text_font_size=\u00bb21px\u00bb header_3_font=\u00bb|||on|||||\u00bb header_3_text_color=\u00bb#FFFFFF\u00bb header_3_font_size=\u00bb41px\u00bb header_3_line_height=\u00bb1.5em\u00bb text_orientation=\u00bbcenter\u00bb custom_padding=\u00bb7%|7%|7%|7%|true|true\u00bb custom_padding_tablet=\u00bb7%|7%|7%|7%|true|true\u00bb custom_padding_phone=\u00bb0%|7%|0%|7%|true|true\u00bb custom_padding_last_edited=\u00bbon|phone\u00bb animation_style=\u00bbnone\u00bb scroll_fade_enable=\u00bbon\u00bb scroll_scaling_enable=\u00bbon\u00bb scroll_blur_enable=\u00bbon\u00bb text_font_size_tablet=\u00bb21px\u00bb text_font_size_phone=\u00bb16px\u00bb text_font_size_last_edited=\u00bbon|phone\u00bb global_colors_info=\u00bb{}\u00bb]<\/p>\n<h3>Willkakuti<\/h3>\n<p><strong>se celebra el 21 de junio de cada <\/strong><strong>a\u00f1o.<\/strong><\/p>\n<p>Es es una celebraci\u00f3n de gran importancia para las naciones y pueblos ind\u00edgenas de la regi\u00f3n andina. Es el inicio de un <strong>nuevo ciclo de vida<\/strong>, en el que al recibir los <strong>primeros rayos del sol<\/strong> se recargan las energ\u00edas, la mente, el alma y el esp\u00edritu.<\/p>\n<p>Asimismo, la llegada y confluencia de las nuevas energ\u00edas permite <strong>tener la fortaleza<\/strong> para afrontar las inclemencias del tiempo, el espacio y el cosmos.<\/p>\n<p>[\/et_pb_text][et_pb_button button_url=\u00bb@ET-DC@eyJkeW5hbWljIjp0cnVlLCJjb250ZW50IjoicG9zdF9saW5rX3VybF9wYWdlIiwic2V0dGluZ3MiOnsicG9zdF9pZCI6IjgyOSJ9fQ==@\u00bb button_text=\u00bbPLANIFICA TU VIAJE AHORA\u00bb button_alignment=\u00bbcenter\u00bb _builder_version=\u00bb4.23.1&#8243; _dynamic_attributes=\u00bbbutton_url\u00bb _module_preset=\u00bbdefault\u00bb custom_button=\u00bbon\u00bb button_text_size=\u00bb18px\u00bb button_text_color=\u00bb#FFFFFF\u00bb button_border_width=\u00bb1px\u00bb button_border_radius=\u00bb28px\u00bb button_font=\u00bb|300|||||||\u00bb global_colors_info=\u00bb{}\u00bb][\/et_pb_button][\/et_pb_column][\/et_pb_row][et_pb_row _builder_version=\u00bb4.23.1&#8243; _module_preset=\u00bbdefault\u00bb width=\u00bb100%\u00bb max_width=\u00bb100%\u00bb custom_padding=\u00bb||0px|||\u00bb global_colors_info=\u00bb{}\u00bb][et_pb_column type=\u00bb4_4&#8243; _builder_version=\u00bb4.23.1&#8243; _module_preset=\u00bbdefault\u00bb global_colors_info=\u00bb{}\u00bb][et_pb_image title_text=\u00bbfondo_puerta_del_sol2&#8243; _builder_version=\u00bb4.23.1&#8243; _module_preset=\u00bbdefault\u00bb global_colors_info=\u00bb{}\u00bb][\/et_pb_image][\/et_pb_column][\/et_pb_row][\/et_pb_section][et_pb_section fb_built=\u00bb1&#8243; _builder_version=\u00bb4.23.1&#8243; _module_preset=\u00bbdefault\u00bb background_image=\u00bbhttps:\/\/tiwanakuturismo.com\/wp-content\/uploads\/2023\/12\/imagen-final_visita3.png\u00bb background_position=\u00bbtop_center\u00bb custom_padding=\u00bb150px|||||\u00bb global_colors_info=\u00bb{}\u00bb][et_pb_row column_structure=\u00bb1_3,1_3,1_3&#8243; use_custom_gutter=\u00bbon\u00bb gutter_width=\u00bb1&#8243; make_equal=\u00bbon\u00bb _builder_version=\u00bb4.23.1&#8243; _module_preset=\u00bbdefault\u00bb width=\u00bb100%\u00bb max_width=\u00bb100%\u00bb module_alignment=\u00bbcenter\u00bb custom_padding=\u00bb94px|||||\u00bb global_colors_info=\u00bb{}\u00bb][et_pb_column type=\u00bb1_3&#8243; _builder_version=\u00bb4.23.1&#8243; _module_preset=\u00bbdefault\u00bb global_colors_info=\u00bb{}\u00bb][\/et_pb_column][et_pb_column type=\u00bb1_3&#8243; _builder_version=\u00bb4.23.1&#8243; _module_preset=\u00bbdefault\u00bb global_colors_info=\u00bb{}\u00bb][et_pb_blurb title=\u00bbINFORMACION TUR\u00cdSTICA OFICINA MUNICIPAL DE TURISMO\u00bb use_icon=\u00bbon\u00bb font_icon=\u00bb&#xf05a;||fa||900&#8243; icon_color=\u00bb#FFFFFF\u00bb image_icon_background_color=\u00bbRGBA(255,255,255,0)\u00bb icon_placement=\u00bbleft\u00bb image_icon_width=\u00bb29px\u00bb _builder_version=\u00bb4.23.1&#8243; _module_preset=\u00bbdefault\u00bb header_font=\u00bbMontserrat|700||on|||||\u00bb header_text_color=\u00bb#FFFFFF\u00bb body_font=\u00bb||||||||\u00bb body_text_color=\u00bb#FFFFFF\u00bb body_font_size=\u00bb16px\u00bb body_link_font=\u00bb|800|||on||||\u00bb body_link_text_color=\u00bb#FFFFFF\u00bb global_module=\u00bb1103&#8243; global_colors_info=\u00bb{}\u00bb]<\/p>\n<p><strong>Direcci\u00f3n:<\/strong> Alcald\u00eda Municipal, frente a la plaza principal<br \/>Atenci\u00f3n de lunes a viernes 08:00 a 12:00 hrs \u2013 14:30 a 18:30 hrs.<br \/><strong>Tel\u00e9fono:<\/strong> (+591) 2895102, (+591) 74077252<br \/><a href=\"https:\/\/tiahuanacu.gob.bo\" target=\"_blank\" rel=\"noopener\">https:\/\/tiahuanacu.gob.bo<\/a><\/p>\n<p>[\/et_pb_blurb][\/et_pb_column][et_pb_column type=\u00bb1_3&#8243; _builder_version=\u00bb4.23.1&#8243; _module_preset=\u00bbdefault\u00bb global_colors_info=\u00bb{}\u00bb][\/et_pb_column][\/et_pb_row][\/et_pb_section]<\/p>\n","protected":false},"excerpt":{"rendered":"<p>\u00bfQu\u00e9 tradiciones y fiestas hay en Bolivia?<br \/>\nTiwanaku ofrece celebraciones y fiestas en diferentes momentos del a\u00f1o. Los municipios pr\u00f3ximos tienen celebraciones que involucran al Turista con la comunidad.<br \/>\nPlanifica tu viaje ahora y vive las celebraciones en Bolivia.<\/p>\n","protected":false},"author":1,"featured_media":1214,"parent":0,"menu_order":0,"comment_status":"closed","ping_status":"closed","template":"page-template-blank.php","meta":{"_et_pb_use_builder":"on","_et_pb_old_content":"","_et_gb_content_width":"","footnotes":""},"class_list":["post-80","page","type-page","status-publish","has-post-thumbnail","hentry"],"_links":{"self":[{"href":"https:\/\/tiwanakuturismo.com\/index.php\/wp-json\/wp\/v2\/pages\/80","targetHints":{"allow":["GET"]}}],"collection":[{"href":"https:\/\/tiwanakuturismo.com\/index.php\/wp-json\/wp\/v2\/pages"}],"about":[{"href":"https:\/\/tiwanakuturismo.com\/index.php\/wp-json\/wp\/v2\/types\/page"}],"author":[{"embeddable":true,"href":"https:\/\/tiwanakuturismo.com\/index.php\/wp-json\/wp\/v2\/users\/1"}],"replies":[{"embeddable":true,"href":"https:\/\/tiwanakuturismo.com\/index.php\/wp-json\/wp\/v2\/comments?post=80"}],"version-history":[{"count":54,"href":"https:\/\/tiwanakuturismo.com\/index.php\/wp-json\/wp\/v2\/pages\/80\/revisions"}],"predecessor-version":[{"id":1497,"href":"https:\/\/tiwanakuturismo.com\/index.php\/wp-json\/wp\/v2\/pages\/80\/revisions\/1497"}],"wp:featuredmedia":[{"embeddable":true,"href":"https:\/\/tiwanakuturismo.com\/index.php\/wp-json\/wp\/v2\/media\/1214"}],"wp:attachment":[{"href":"https:\/\/tiwanakuturismo.com\/index.php\/wp-json\/wp\/v2\/media?parent=80"}],"curies":[{"name":"wp","href":"https:\/\/api.w.org\/{rel}","templated":true}]}}